by 13.
11
Calculate the remainder when 118 is divided by 46.
26
Calculate the remainder when 541 is divided by 32.
29
What is the remainder when 671 is divided by 21?
20
Calculate the remainder when 119 is divided by 40.
39
What is the remainder when 77 is divided by 69?
8
Calculate the remainder when 4469 is divided by 47.
4
Calculate the remainder when 119 is divided by 30.
29
Calculate the remainder when 280 is divided by 32.
24
Calculate the remainder when 1359 is divided by 51.
33
What is the remainder when 1436 is divided by 130?
6
What is the remainder when 659 is divided by 215?
14
What is the remainder when 95 is divided by 6?
5
What is the remainder when 455 is divided by 12?
11
Calculate the remainder when 91 is divided by 80.
11
Calculate the remainder when 15552 is divided by 22.
20
What is the remainder when 6087 is divided by 58?
55
What is the remainder when 640 is divided by 6?
4
What is the remainder when 460 is divided by 18?
10
Calculate the remainder when 90 is divided by 13.
12
Calculate the remainder when 237 is divided by 20.
17
Calculate the remainder when 400 is divided by 105.
85
What is the remainder when 259 is divided by 13?
12
What is the remainder when 248 is divided by 25?
23
What is the remainder when 229 is divided by 34?
25
Calculate the remainder when 126 is divided by 123.
3
Calculate the remainder when 2124 is divided by 14.
10
What is the remainder when 4902 is divided by 15?
12
What is the remainder when 85 is divided by 22?
19
What is the remainder when 179 is divided by 46?
41
What is the remainder when 2753 is divided by 4?
1
What is the remainder when 183 is divided by 143?
40
Calculate the remainder when 150 is divided by 128.
22
What is the remainder when 7998 is divided by 64?
62
What is the remainder when 285 is divided by 25?
10
What is the remainder when 241 is divided by 41?
36
Calculate the remainder when 3418 is divided by 30.
28
What is the remainder when 107 is divided by 29?
20
Calculate the remainder when 417 is divided by 28.
25
What is the remainder when 1317 is divided by 24?
21
Calculate the remainder when 483 is divided by 8.
3
What is the remainder when 3353 is divided by 11?
9
What is the remainder when 600 is divided by 61?
51
Calculate the remainder when 74 is divided by 33.
8
Calculate the remainder when 717 is divided by 347.
23
What is the remainder when 22976 is divided by 37?
36
What is the remainder when 188 is divided by 142?
46
Calculate the remainder when 2088 is divided by 11.
9
What is the remainder when 80 is divided by 47?
33
Calculate the remainder when 17 is divided by 2.
1
Calculate the remainder when 131 is divided by 89.
42
What is the remainder when 74 is divided by 15?
14
What is the remainder when 1061 is divided by 41?
36
Calculate the remainder when 588 is divided by 85.
78
Calculate the remainder when 79 is divided by 73.
6
Calculate the remainder when 17805 is divided by 318.
315
Calculate the remainder when 4176 is divided by 27.
18
What is the remainder when 289 is divided by 58?
57
What is the remainder when 3846 is divided by 59?
11
Calculate the remainder when 833 is divided by 160.
33
Calculate the remainder when 371 is divided by 52.
7
Calculate the remainder when 29 is divided by 15.
14
What is the remainder when 64 is divided by 22?
20
Calculate the remainder when 185 is divided by 22.
9
Calculate the remainder when 505 is divided by 168.
1
Calculate the remainder when 19 is divided by 19.
0
Calculate the remainder when 887 is divided by 74.
73
Calculate the remainder when 2348 is divided by 335.
3
Calculate the remainder when 127 is divided by 38.
13
What is the remainder when 1403 is divided by 128?
123
Calculate the remainder when 19981 is divided by 16.
13
Calculate the remainder when 127 is divided by 35.
22
What is the remainder when 159 is divided by 20?
19
Calculate the remainder when 157 is divided by 34.
21
Calculate the remainder when 186 is divided by 19.
15
What is the remainder when 628 is divided by 53?
45
Calculate the remainder when 794 is divided by 4.
2
Calculate the remainder when 2007 is divided by 665.
12
Calculate the remainder when 681 is divided by 62.
61
Calculate the remainder when 233 is divided by 18.
17
What is the remainder when 697 is divided by 25?
22
What is the remainder when 484 is divided by 18?
16
What is the remainder when 76 is divided by 25?
1
Calculate the remainder when 206 is divided by 21.
17
What is the remainder when 200 is divided by 51?
47
Calculate the remainder when 3443 is divided by 53.
51
Calculate the remainder when 46 is divided by 20.
6
What is the remainder when 32 is divided by 23?
9
What is the remainder when 225 is divided by 64?
33
What is the remainder when 480 is divided by 223?
34
What is the remainder when 110 is divided by 23?
18
What is the remainder when 291 is divided by 41?
4
What is the remainder when 1330 is divided by 30?
10
Calculate the remainder when 518 is divided by 124.
22
Calculate the remainder when 166 is divided by 86.
80
What is the remainder when 963 is divided by 46?
43
Calculate the remainder when 1423 is divided by 33.
4
Calculate the remainder when 138 is divided by 43.
9
Calculate the remainder when 987 is divided by 287.
126
Calculate the remainder when 2586 is divided by 376.
330
Calculate the remainder when 3972 is divided by 5.
2
What is the remainder when 796 is divided by 6?
4
What is the remainder when 1795 is divided by 72?
67
Calculate the remainder when 87 is divided by 38.
11
Calculate the remainder when 281 is divided by 142.
139
What is the remainder when 3509 is divided by 1751?
7
Calculate the remainder when 191 is divided by 96.
95
What is the remainder when 126 is divided by 33?
27
What is the remainder when 153 is divided by 11?
10
Calculate the remainder when 1099 is divided by 15.
4
What is the remainder when 637 is divided by 16?
13
What is the remainder when 2162 is divided by 1063?
36
What is the remainder when 427 is divided by 4?
3
Calculate the remainder when 415 is divided by 8.
7
Calculate the remainder when 295 is divided by 36.
7
What is the remainder when 2274 is divided by 74?
54
What is the remainder when 1234 is divided by 50?
34
What is the remainder when 547 is divided by 63?
43
Calculate the remainder when 1343 is divided by 122.
1
Calculate the remainder when 625 is divided by 20.
5
Calculate the remainder when 413 is divided by 23.
22
Calculate the remainder when 25 is divided by 15.
10
Calculate the remainder when 375 is divided by 21.
18
Calculate the remainder when 7773 is divided by 54.
51
What is the remainder when 56 is divided by 20?
16
What is the remainder when 136 is divided by 52?
32
Calculate the remainder when 476 is divided by 133.
77
Calculate the remainder when 1303 is divided by 8.
7
Calculate the remainder when 2949 is divided by 18.
15
Calculate the remainder when 389 is divided by 25.
14
What is the remainder when 6258 is divided by 5?
3
What is the remainder when 399 is divided by 41?
30
Calculate the remainder when 67 is divided by 16.
3
What is the remainder when 1077 is divided by 24?
21
Calculate the remainder when 87 is divided by 85.
2
Calculate the remainder when 2059 is divided by 2024.
35
What is the remainder when 129 is divided by 22?
19
Calculate the remainder when 98 is divided by 3.
2
Calculate the remainder when 49 is divided by 36.
13
Calculate the remainder when 34 is divided by 12.
10
Calculate the remainder when 418 is divided by 15.
13
What is the remainder when 960 is divided by 40?
0
What is the remainder when 471 is divided by 232?
7
What is the remainder when 475 is divided by 14?
13
Calculate the remainder when 270 is divided by 5.
0
Calculate the remainder when 2636 is divided by 120.
116
What is the remainder when 7234 is divided by 21?
10
Calculate the remainder when 609 is divided by 13.
11
What is the remainder when 32078 is divided by 37?
36
Calculate the remainder when 1001 is divided by 126.
119
What is the remainder when 1302 is divided by 93?
0
What is the remainder when 24 is divided by 10?
4
Calculate the remainder when 168 is divided by 32.
8
Calculate the remainder when 12198 is divided by 83.
80
What is the remainder when 1484 is divided by 21?
14
What